he prime factors of l/3 + (0 - 0).
5
Let z = 17 + -11. Suppose -44 = -z*p + 2*p. What are the prime factors of p?
11
Let y(f) = f + 3. Let n be y(6). Let i = -13 + n. Let g = i - -6. What are the prime factors of g?
2
Let h(t) = -2*t - 9*t - 3 + 1 + 1. Let b be h(-2). Let x = b - 9. List the prime factors of x.
2, 3
Suppose 0 = 5*s - 2*z + 24, -3*z - 8 = -5*s - 34. What are the prime factors of 16/3 + s/12?
5
Let a(g) be the first derivative of g**4/12 - g**3/6 + 7*g**2/2 + g + 1. Let l(p) be the first derivative of a(p). List the prime factors of l(0).
7
Suppose 15*p - 12*p = 78. What are the prime factors of p?
2, 13
Let g(d) = -d**3 - 9*d**2 - 9*d + 11. Let k be g(-8). Let l = 50 - k. Suppose 5*v + 1 - l = -2*u, -2*u + 3*v - 2 = 0. What are the prime factors of u?
5
Suppose -3 + 0 = -3*c. Let a = 1 - -4. Let m = a - c. List the prime factors of m.
2
Suppose -y + 44 = -5*n, 5*y - 321 = -4*n - 101. What are the prime factors of y?
2, 11
Let o(p) = p. Let l be o(5). Let i(j) = j**2 - 4*j. Let v be i(l). Suppose -v*k + 17 = 2. What are the prime factors of k?
3
Let h(p) = 2*p**2 - 3*p - 5. Let n be h(4). Let q = 39 - n. Suppose -4*t + q = -t. What are the prime factors of t?
2
Let t = -40 - -51. What are the prime factors of t?
11
Let z = 12 + 315. List the prime factors of z.
3, 109
Let n(b) be the second derivative of -b**4/12 - 7*b**3/6 - 3*b**2/2 - 2*b. Let d be n(-7). What are the prime factors of -19*(2 + d) - 1?
2, 3
Let o = -100 - -113. What are the prime factors of o?
13
Let u = -14 - -15. Suppose j + u = -2*n + 13, -5*j + 93 = -n. What are the prime factors of j?
2, 3
Suppose 2*d - 57 = -5. Suppose 0 = 2*v - d - 8. Let c = -9 + v. What are the prime factors of c?
2
Let t(d) = d**3 + 13*d**2 + 5*d - 15. What are the prime factors of t(-12)?
3, 23
Let q(o) = o - 4. Suppose 3*g - 17 = -3*x + 22, g + 31 = 3*x. What are the prime factors of q(x)?
7
Let p be ((-2)/3)/((-6)/(-18)). Let s be ((-3)/(-2))/(p/(-40)). Suppose -5*r + 51 = 3*g, 4*r + 0 = 3*g + s. List the prime factors of r.
3
Let g(l) = 60*l**2 + 3*l - 3. What are the prime factors of g(1)?
2, 3, 5
Let t(i) = -i**3 - 7*i**2 - 3*i + 13. Let s be t(-6). Let n = s + 7. List the prime factors of n.
2
Let i(r) = 0*r + r - r + 1 + 3*r. List the prime factors of i(5).
2
Let s(u) = -12*u + 9. Let d be s(-4). Suppose k - d + 23 = 0. What are the prime factors of k?
2, 17
Suppose 10*k + 311 = 1021. List the prime factors of k.
71
Let s(c) = 6*c**3 + c**2 + c - 2. List the prime factors of s(2).
2, 13
Suppose t + 3 = -2*t. List the prime factors of 0/(-2) - (-36 - t).
5, 7
Let l be ((-9)/(-12))/((-6)/(-24)). List the prime factors of 58 - 8 - -1*l.
53
Let z(h) = h**2 - h + 1. Let i(n) = 2*n**2 - 7*n. Let m(j) = -i(j) + z(j). Let l be m(6). What are the prime factors of l*-6*(-2)/4?
3
Let g(y) = y**3 + 11*y**2 + 8*y - 10. Let r be g(-10). Suppose 0 = 5*l - 4*u + r - 60, 50 = 5*l + 5*u. Let v = l + -7. What are the prime factors of v?
3
Suppose 0 = -2*u - h + 31, 5*h + 29 = 2*u + 4*h. Let f = -8 + 12. Suppose u = 2*x + c, 2*c + 42 = x + f*x. What are the prime factors of x?
2
Suppose 0 = 4*z + g - 123 - 146, -3*z + 196 = -5*g. What are the prime factors of z?
67
Let a be 20/(-6)*3*4. Let k be (4/10)/((-2)/a). Let t = 18 - k. What are the prime factors of t?
2, 5
Let x = 1 - 3. Let q(l) = -5*l**3 - 2*l**2 - 2*l. What are the prime factors of q(x)?
2, 3
Let o = 8 + -5. Suppose -o*p - 5*k - 29 = 11, 4*k = 4*p + 32. Let j = 21 + p. List the prime factors of j.
11
Let c = 5 - 8. Let n(g) = g**2 - 4. Let j be n(c). Suppose 9 + 6 = j*t. List the prime factors of t.
3
Let u(c) = -c**2 + 29*c - 18. What are the prime factors of u(19)?
2, 43
Let t(a) = 4*a - 3*a - 2*a - a. Let h be t(-2). Suppose 0 = -n + h*n - 27. List the prime factors of n.
3
Let k(g) = -g**3 + 11*g**2 + 13*g - 11. What are the prime factors of k(11)?
2, 3, 11
Suppose 127 = 3*i - 4*o, -2*i + 4*o - o + 86 = 0. List the prime factors of i.
37
Let v = 58 - -1. List the prime factors of v.
59
List the prime factors of 1649/68 + (1 - 0)/(-4).
2, 3
Suppose 0 = 3*b - b - 90. Suppose -3*u = -6*u + b. List the prime factors of u.
3, 5
Let p = -5 - -9. Suppose p*l = -0*s - s + 37, l + s - 10 = 0. What are the prime factors of l?
3
Let s(b) be the first derivative of b**3 + 4 - 1/4*b**4 + 0*b**2 + 2*b. What are the prime factors of s(3)?
2
Let f(o) = -o**3 + 10*o**2 - 10*o + 9. What are the prime factors of f(8)?
3, 19
Let c = 187 + -110. Suppose -4*g + c + 3 = 0. List the prime factors of g.
2, 5
Suppose -c + 3 = -0*c. Suppose -6*v - 5*t = -c*v - 102, v = -t + 34. Suppose 3*h + 4 = -3*a + v, 0 = -4*h - 3*a + 40. What are the prime factors of h?
2, 5
Let x = -5 - -22. Suppose 5*j - 13 = x. List the prime factors of j.
2, 3
Let u(v) be the first derivative of -v**5/60 - 3*v**4/8 - 3*v**3/2 - v**2 + 1. Let q(y) be the second derivative of u(y). What are the prime factors of q(-7)?
5
Let o = 6 + -6. Suppose 0 = -o*d + d + 4. Let p = d + 6. What are the prime factors of p?
2
Suppose -4 = -3*p - 13. Let m be p/(-9) - 44/(-3). Let h = m - -1. List the prime factors of h.
2
Suppose 0 = -9*p - 0 + 162. What are the prime factors of p?
2, 3
Let o(v) = 7*v - 10. Let j(f) = -6*f + 9. Let a(y) = 6*j(y) + 5*o(y). What are the prime factors of a(-7)?
11
Let g be (-5 - -1)/(4/270). Let y be (4 + 27/(-6))*2. What are the prime factors of y/4 + g/(-24)?
11
Let h(s) be the second derivative of -s**6/360 - s**5/24 + s**4/8 + s**3/6 - s. Let a(j) be the second derivative of h(j). List the prime factors of a(-5).
3
Suppose 0 = -4*y + 11 + 9. Suppose 4*c = y + 7. List the prime factors of c.
3
Let j(c) = c**3 + 6*c**2 + 3. Let s be j(-6). Suppose 0 = s*l + l - 56. List the prime factors of l.
2, 7
Suppose o = -5*d + 919, 2*o = -3*d - 2*o + 565. What are the prime factors of d?
3, 61
Let l(y) be the second derivative of y**5/20 + y**4/12 + y**3/6 - y**2/2 - 4*y. List the prime factors of l(2).
13
Let z = 6 - -27. What are the prime factors of z?
3, 11
Let v = 17 + -15. List the prime factors of ((-27)/v)/(6/(-8)).
2, 3
Let a = 773 - 409. What are the prime factors of a?
2, 7, 13
Let u = 202 - 142. List the prime factors of u.
2, 3, 5
Suppose -2*q - 38 = c - 3*c, -85 = -5*c + 3*q. Let w(u) = 4*u**3 - 2*u**2 + 1. Let g be w(-1). Let y = c + g. List the prime factors of y.
3
Suppose 2*m + 2*m = -352. What are the prime factors of 30/12*m/(-10)?
2, 11
Let h be 10/6 + 5/15. Suppose h*w = -7 + 15. Suppose -q - 4*d + 7 + 2 = 0, -16 = -4*q + w*d. List the prime factors of q.
5
Suppose -5*x - 3*d = -6 - 5, 0 = 4*x - 4*d - 28. Let h = -1 + x. List the prime factors of h.
3
Let o = -72 + 110. What are the prime factors of o?
2, 19
Let g = 5 + 91. List the prime factors of g.
2, 3
Let r(n) = n**2 + n - 31. Suppose -u - 4 - 4 = -4*b, u - 8 = -4*b. Let x be r(u). Let d = 43 + x. What are the prime factors of d?
2, 3
Suppose -2*o + 3 = -5*d, 0 = -0*d + 4*d + 12. Suppose 0 = 2*q - 5*l + 16, 2*l = -q + 4 - 3. Let v = q - o. What are the prime factors of v?
3
Suppose -4*s + 302 = -3*u + 1440, s = 4*u - 1513. What are the prime factors of u?
2, 3, 7
Let r be (-4)/4 - (-1 - 1). Let d(h) = 24*h + 1. Let v be d(r). Suppose 0 = b - 6*b + v. What are the prime factors of b?
5
Suppose 29 + 21 = 2*u. List the prime factors of u.
5
Let v(d) = d**3 + 11*d**2 + 4. List the prime factors of v(-11).
2
Let t be 2 + 1 + 0/(-1). Suppose 0 = t*a - a - 48. Suppose g + 4*g - 5 = 0, -2*g - a = -2*j. What are the prime factors of j?
13
Suppose 2*s + 3*v = 25, 4*s - 90 = -v + 3*v. What are the prime factors of s?
2, 5
Let f = 2 - -1. Suppose -5*a + 4*j = -a - 4, f*j = 6. List the prime factors of a.
3
Suppose -u = -2*u - 8. Let h be 6/u + 865/(-20). What are the prime factors of (-2)/5 - h/10?
2
Let t(y) = -y**3 - 3*y**2 + 3*y + 1. Let i be t(-3). Let f = 12 + i. Suppose -12 = -2*v - 4*m, 2*v = -0*v + f*m - 4. What are the prime factors of v?
2
Let y be 0*2/(-4) + 6. What are the prime factors of 1 - (-4)/(y/3)?
3
List the prime factors of (-1)/(2 + 842/(-420)).
2, 3, 5, 7
Suppose -4*z = -5*z + 2. Suppose -23 = -4*s + 5*b - z, 5*b = -5. What are the prime factors of s?
2
Let f(k) be the second derivative of k**3/2 - 4*k**2 - 2*k. What are the prime factors of f(7)?
13
Suppose 0 = m - 4*r + 18, 0*m - 5